ase 9, what is -5 + -17623?
-17628
In base 13, what is -1a + -1a06?
-1a23
In base 3, what is 1220 - 121012021?
-121010101
In base 16, what is -12 - 593?
-5a5
In base 12, what is -3610 + -314?
-3924
In base 3, what is -12201201 + -1202?
-12210110
In base 7, what is 404 + -420?
-13
In base 12, what is 194 - -241?
415
In base 10, what is -3706 + -80?
-3786
In base 14, what is -16a43 - 11?
-16a54
In base 2, what is -10000100111 - -10000?
-10000010111
In base 10, what is 0 + 51280?
51280
In base 7, what is 161046 - -10?
161056
In base 2, what is 10101010001 + 100100?
10101110101
In base 4, what is 0 + -323220311?
-323220311
In base 12, what is -b20 - -6?
-b16
In base 4, what is -300130 - 20?
-300210
In base 13, what is -a - -1272?
1265
In base 16, what is 95e + eb?
a49
In base 8, what is -35450 + 5?
-35443
In base 8, what is -55737 - 14?
-55753
In base 12, what is -964 + -37?
-99b
In base 3, what is 11020112021 + -11?
11020112010
In base 13, what is 85 + 95?
14a
In base 12, what is -4017 + 42?
-3b95
In base 4, what is -2 - -11233200?
11233132
In base 9, what is -4803 - -1032?
-3761
In base 7, what is 201226 + -6?
201220
In base 6, what is 14 + -15223?
-15205
In base 8, what is -34627 + 5?
-34622
In base 4, what is -1 + -1032102210?
-1032102211
In base 15, what is 2a - 73?
-48
In base 2, what is -1111111011 + -100001?
-10000011100
In base 11, what is -335007 - -8?
-334aaa
In base 8, what is -4 + -244740?
-244744
In base 12, what is -aa378 - -2?
-aa376
In base 9, what is -27266 - 0?
-27266
In base 15, what is -38b3 - -5?
-38ad
In base 10, what is 2 - 23774?
-23772
In base 8, what is -4 + 54404?
54400
In base 7, what is 4 - -2624436?
2624443
In base 10, what is 171 - 669?
-498
In base 8, what is 7412 - 7?
7403
In base 8, what is 2036717 + -3?
2036714
In base 9, what is 1 - -13510?
13511
In base 6, what is 342 - -113421?
114203
In base 15, what is 4 - 248c9?
-248c5
In base 9, what is -3 - -82114?
82111
In base 6, what is 53241034 + 5?
53241043
In base 9, what is 280232 - 0?
280232
In base 15, what is 14934 - c?
14927
In base 7, what is -1266211 + -5?
-1266216
In base 7, what is -420010 - 4?
-420014
In base 13, what is 20566 - 0?
20566
In base 12, what is -6b3a4 + 0?
-6b3a4
In base 11, what is 6 - -198a26?
198a31
In base 15, what is -3 + dd1?
dcd
In base 16, what is -46692b - 5?
-466930
In base 15, what is 3 - -98739?
9873c
In base 11, what is 2 - 210324?
-210322
In base 2, what is 110110101111101 - 1?
110110101111100
In base 2, what is 0 - -10100011000011?
10100011000011
In base 4, what is 2331200311 - 0?
2331200311
In base 6, what is 150 - 31010?
-30420
In base 8, what is -304 + -24761?
-25265
In base 2, what is 110111000000010 + -1?
110111000000001
In base 14, what is 38b8a - 6?
38b84
In base 7, what is -4126045 - 2?
-4126050
In base 8, what is -4 - 1130340?
-1130344
In base 13, what is -28abb9 - -3?
-28abb6
In base 2, what is 10110100 - 11010?
10011010
In base 10, what is 24 - -4958?
4982
In base 8, what is -240 + -340?
-600
In base 10, what is 32386 + -9?
32377
In base 12, what is 25 - -1a25?
1a4a
In base 7, what is -3 + -353301?
-353304
In base 7, what is 2325321 + -4?
2325314
In base 11, what is 17710a + -6?
177104
In base 8, what is 2 + 67773?
67775
In base 13, what is -31b2 + -5?
-31b7
In base 13, what is -13 - 438?
-44b
In base 12, what is 5 + 5b91?
5b96
In base 6, what is -1122021 - -2?
-1122015
In base 4, what is 21213 - -2031?
23310
In base 6, what is -4032 - -122?
-3510
In base 2, what is -110000001100010000 - -110?
-110000001100001010
In base 12, what is -1 - -245937?
245936
In base 4, what is 30223 - -10002?
100231
In base 3, what is 1100110 - 1012?
1022021
In base 10, what is -1830 - 3?
-1833
In base 14, what is -1d17 + 5?
-1d12
In base 10, what is 5 - 4119?
-4114
In base 15, what is -1e07 + -30?
-1e37
In base 9, what is 85 + -25064?
-24868
In base 9, what is -2320 - 428?
-2748
In base 14, what is 39494 - 3?
39491
In base 6, what is -24103 + 21?
-24042
In base 4, what is -2 + 1333323?
1333321
In base 12, what is -22b93 + -1?
-22b94
In base 7, what is -4166 - 15?
-4214
In base 8, what is -3 - 200302?
-200305
In base 7, what is 36633433 - 2?
36633431
In base 7, what is 0 + 113515?
113515
In base 13, what is -1312 - 29?
-133b
In base 4, what is -30 + 3300321?
3300231
In base 11, what is -64 - 662?
-716
In base 15, what is -2 - -27b9?
27b7
In base 4, what is -13001 - 23?
-13030
In base 10, what is -119 - -1001?
882
In base 13, what is -4cbb6 - 0?
-4cbb6
In base 5, what is -134002034 - -1?
-134002033
In base 16, what is 1 + 277c?
277d
In base 4, what is 23222233 - 11?
23222222
In base 3, what is 2202020022 + -101?
2202012221
In base 4, what is -132 + -301032201?
-301032333
In base 16, what is 3 + -21e3?
-21e0
In base 3, what is -120121 - 2110?
-200001
In base 6, what is 2 - -134432?
134434
In base 4, what is 11 + -11002312?
-11002301
In base 16, what is -bea + b?
-bdf
In base 13, what is -81b - -27?
-7c4
In base 8, what is 6104 - -5?
6111
In base 14, what is 396a - 4?
3966
In base 3, what is 200000002 - 0?
200000002
In base 15, what is 7bb + -2?
7b9
In base 8, what is 50 - -102603?
102653
In base 16, what is d6b8f + 1?
d6b90
In base 2, what is -10111010100011000 - -100?
-10111010100010100
In base 10, what is -2 + 195981?
195979
In base 4, what is -10102200 + -201?
-10103001
In base 16, what is 3 + -12fa?
-12f7
In base 15, what is db - -bb?
1a7
In base 16, what is 69 - -2b?
94
In base 6, what is 12355012 - 0?
12355012
In base 2, what is -10111000 + 111011?
-1111101
In base 5, what is -213230321 - 2?
-213230323
In base 7, what is 43561 - -60?
43651
In base 11, what is -345 - -25?
-320
In base 8, what is 263235 + 4?
263241
In base 4, what is -101333 - -2233?
-33100
In base 3, what is 20222122 + 20222?
21020121
In base 16, what is -b92 + -55f?
-10f1
In base 16, what is 6d2 + 5?
6d7
In base 7, what is 15 - -1643?
1661
In base 2, what is -11001101100 + -1001011100?
-100011001000
In base 13, what is 15ca38 + 5?
15ca40
In base 5, what is -121 - 410034?
-410210
In base 16, what is 9 + 9c56?
9c5f
In base 8, what is -6602 - 16?
-6620
In base 2, what is -1101100111010000010 + -11?
-1101100111010000101
In base 2, what is -10110111110000101 - -1?
-10110111110000100
In base 14, what is -19cd + 66?
-1967
In base 4, what is 1 - -2223330?
2223331
In base 12, what is -693 - -40?
-653
In base 4, what is 10103313333 - 1?
10103313332
In base 9, what is 1 - 148131?
-148130
In base 3, what is 22 - 210120110?
-210120011
In base 11, what is 1 - 10028?
-10027
In base 8, what is -611 - -6353?
5542
In base 16, what is -171a - 184?
-189e
In base 14, what is -4 + ac3a0?
ac39a
In base 5, what is 244040 + -3221?
240314
In base 10, what is 103543 - -2?
103545
In base 4, what is -3 - 200212102?
-200212111
In base 11, what is -5 - -95951?
95947
In base 6, what is -1025 + -3354?
-4423
In base 12, what is 2020 - -607?
2627
In base 4, what is 11302332 - -11?
11303003
In base 14, what is 11c285 + -1?
11c284
In base 16, what is 99 - 2c10?
-2b77
In base 8, what is -1766 - -507?
-1257
In base 14, what is b - -aa3?
ab0
In base 3, what is 2 - -1011212201122?
1011212201201
In base 15, what is -1 + -d80d8?
-d80d9
In base 9, what is 134552 - -13?
134565
In base 14, what is 4 - aa78?
-aa74
In base 12, what is -5 - -3997?
3992
In base 12, what is -17813 + -4?
-17817
In base 13, what is 30b7 + -24?
3093
In base 7, what is -55431 - 0?
-55431
In base 6, what is -12 - 2440001?
-2440013
In base 9, what is 8280 - -15?
8305
In base 9, what is 5 - -1306024?
1306030
In base 10, what is 3 - 711203?
-711200
In base 2, what is 1 - -111011000010100010?
111011000010100011
In base 16, what is -3 + 11c1?
11be
In base 16, what is 52d1a9 - -4?
52d1ad
In base 10, what is 3 - -1263?
1266
In base 5, what is 2 - 2434014?
-2434012
In base 13, what is 216 + -79?
16a
In base 10, what is 146 - 600?
-454
In base 8, what is -126 - -425?
277
In base 10, what is 450 + 890?
1340
In base 11, what is 2a8a24 + -9?
2a8a16
In base 12, what is -114 - -5a?
-76
In base 7, what is 1 - 62524?
-62523
In base 14, what is -529 + -6?
-531
In base 15, what is -11ce + -21?
-1200
In base 3, what is -11221211210 - 12?
-11221211222
In base 16, what is -d + 4d2d?
4d20
In base 7, what is 150423005 + 5?
150423013
In base 16, what is 4 - 